 - 7*o**2 + 5. Let m = -1068 + 1075. What is k(m)?
5
Let g(v) be the third derivative of -v**4/24 - 12*v**3 - 5755*v**2. Give g(-21).
-51
Let f(c) = 7*c + 1. Let p = -273 - -271. Let k be (p*3/9)/((-14)/(-21)). Determine f(k).
-6
Let l = 6534 - 6540. Let d(z) = -z**3 - 7*z**2 - 11*z - 38. Give d(l).
-8
Let r = -78 - -44. Let d = r - -31. Let y(x) = -x. Let j be y(d). Let k(i) = 2*i**2 - 2*i - 1. Give k(j).
11
Let i(v) = v**3 + 14*v**2 - 3*v + 3. Let j be i(-14). Suppose -6*u + 2*u - j = -h, 5*u + 25 = 0. Let s = h + -19. Let c(t) = 2*t - 7. Calculate c(s).
5
Let n(y) = 2*y**3 + 3*y**2 + 3*y + 1. Let o be ((-60)/(-6))/(-2 + (4 - 4)). Let h(d) = -d**3 - 2*d**2 - 2*d - 1. Let x(r) = o*h(r) - 3*n(r). What is x(0)?
2
Let u(n) = 136*n**2 - 43*n - 2. Let h be u(1). Suppose 0 = -3*z + 2*z + 19. Suppose 8*a = -z + h. Let r(f) = -f**2 + 9*f + 7. Give r(a).
7
Let q(x) = -46 - 51 - 4*x - 31 - 41 + 112. Calculate q(-16).
7
Let z(c) = -15*c + 225. Let g be z(15). Let d(i) be the third derivative of -1/20*i**5 + 0*i**3 + g + 0*i + 4*i**2 + 0*i**4. Give d(1).
-3
Let f = 302 + -441. Let l = -135 - f. Let v(r) = -2*r**2 + 5*r + 3. Calculate v(l).
-9
Let m(b) = -b**3 + 2*b**2 + 5*b - 3. Let p = -76 + 196. Suppose 0 = -p*w + 124*w - 12. What is m(w)?
3
Let s(i) = -35400*i + 16*i**2 + 9 + 6*i**3 + 1 + 35407*i - i**3 - 2*i**3. Give s(-5).
0
Let f(t) = -t**2 - 37*t - 71. Let g be f(-35). Let x be 2*(4 + 1/g). Let o(u) = u**2 - 6*u - 2. Determine o(x).
-2
Let z(l) = l**2 + 10*l - 28. Let a be z(-12). Let u(k) = -89*k + 54*k + 38*k. Calculate u(a).
-12
Let m(p) be the first derivative of -6*p**2 + 288*p + 4520. What is m(24)?
0
Let u = 38 - 29. Let h be ((-42)/u)/(12/(-54)). Let z(n) = -13 - 2*n**2 - 6 + h. Determine z(2).
-6
Let v be ((-2)/4)/((-16)/(-14912)). Let q = -457 - v. Let u(s) = s**3 - 9*s**2 + 2*s - 11. Calculate u(q).
7
Let x(r) = -10 + 3*r + r**2 - 2 - 7 - 9*r**2 + r**3. Let p be x(8). Suppose 0 = -5*u - n - 30 + 5, 0 = p*n + 25. Let s(i) = -i**2 - 3*i + 5. Give s(u).
1
Let b(f) = 103*f + 7. Let g be (7/(-14))/(12/(-24)). Calculate b(g).
110
Let k(j) be the first derivative of j**4/12 + j**3 - 5*j**2/2 - 44*j - 149. Let p(y) be the first derivative of k(y). Calculate p(-6).
-5
Let r(j) = 41 + 820 - 266 + 86*j - 249. Calculate r(-4).
2
Let i(c) = c**3 + 10*c**2 + 17*c - 9. Let y(k) = k**3 + 10*k**2 + 18*k - 10. Let x(u) = 6*i(u) - 5*y(u). Determine x(-9).
-31
Suppose -15*a - 57 = 43 - 85. Let d(g) = -31*g - 19. Calculate d(a).
12
Let h(n) = n**2 + 15*n - 10. Let s be h(-16). Let y(x) = s*x**3 + x + 9*x - 7*x**3 - 3 + 4*x**2 + 3*x**2. Let k be 141/18 - 2/(-12). Determine y(k).
13
Let s(o) = o**2 - 37*o - 94. Let f be s(-3). Let c(r) = -r**3 + 24*r**2 + 53*r - 44. Give c(f).
-18
Let p(l) = -57*l**3 + 350*l**2 - 156*l - 1115. Let j(q) = 11*q**3 - 68*q**2 + 31*q + 223. Let t(s) = -31*j(s) - 6*p(s). What is t(-7)?
1
Let k(h) be the second derivative of 5*h**3/6 - 2*h**2 + 281*h. Give k(8).
36
Let m(s) = s**3 - 5*s**2 + 2*s + 2. Let p(z) be the third derivative of z**5/30 - 61*z**4/24 - 29*z**3/6 + 19*z**2 - 2. Let q be p(31). Calculate m(q).
-6
Suppose 0 = -5*y - 401*w + 399*w - 90, 6*y + 106 = -2*w. Let f(m) = 4*m + 17. Determine f(y).
-47
Let z(y) = -y**3 - 3*y**2 - 2. Let o be (763/(-28))/((-2)/8). Let c = o + -112. Give z(c).
-2
Let k(g) = 2*g**3 - g - 1. Let q be (0 - 1048/(-6))/((-154)/(-231)). Let d = q + -263. What is k(d)?
-2
Let h(v) = -3*v**2 - 54*v - 21. Let w(j) = 2*j**2 + 26*j + 10. Let d(g) = -4*h(g) - 9*w(g). Calculate d(-5).
-66
Suppose 0 = 18*b - 22*b + 8. Let s(r) = -340 + 174 + 2*r**b + 171 + 3*r. Give s(-4).
25
Let v(d) = d**2 + 4*d - 2. Let b = -18128 - -18123. Calculate v(b).
3
Let p(y) = 14*y - 112. Let o(x) = x - 7. Let g(l) = -63*o(l) + 4*p(l). Let t be -20 + 17 + 1 + 0. What is g(t)?
7
Suppose 0 = 5*c - 0*r + 3*r - 238, 4*c - 4*r = 216. Let y(u) = -4*u**2 - c + 23 + u**3 + 3*u + 21. Give y(4).
6
Let q be ((-150)/14 - 0) + (-26)/91. Let r(g) = 4*g**3 + 9*g**2 + 8*g + 3. Let i(d) = -d**3 + d**2 + d + 1. Let u(t) = -3*i(t) - r(t). Give u(q).
-6
Let p(m) = -2*m**3 + 33*m**2 + 14*m + 4. Suppose 10 = -16*f + 131 + 151. Give p(f).
-47
Let i(j) be the second derivative of 11*j**3/2 - j**2/2 + 70*j + 8. What is i(-1)?
-34
Suppose -3*p - 16 = -1. Let n be 4/10 + (-63)/p. Suppose 3*q = -2*m + 18, -3*m + n = -q + 2*q. Let y(k) = -k**3 + 3*k**2 + 2*k - 1. Determine y(m).
5
Let z(h) = -6*h - 4. Let y = 205 - 184. Suppose 16*i + 15 = y*i. What is z(i)?
-22
Let i(g) = 3*g**2 + 21*g + 18. Let u = -4048 + 4042. What is i(u)?
0
Let m(k) = -6*k - 7*k - 36 - 5*k + 12*k. Determine m(-7).
6
Let h(k) = 3*k**2 + 2*k + 49. Let x(u) = -4*u**2 - u. Let t(q) = -h(q) - x(q). Determine t(7).
-7
Suppose 9 = 3*c + 3. Let n = -31 + 42. Let g(a) = 16 - 3*a - 24 + n - a. Calculate g(c).
-5
Let a(q) = -q**2 - q + 2. Let i = -7 + 3. Suppose -2*s - 2*k = 10, s = -3*k + 5 - 18. Let b(p) = p - 1. Let c(h) = i*b(h) + s*a(h). What is c(3)?
2
Let p(f) = -4*f - 16*f + 15*f + 1 + f. Let r = -6 - -9. Calculate p(r).
-11
Let a(s) be the second derivative of s**5/20 - s**4/2 - 4*s**3/3 - 5*s. Suppose -42 = -1413*z + 1407*z. Calculate a(z).
-7
Let k(a) = -a**2 - 19*a - 24. Let y = -305 + 492. Let n be (-4)/34 + (-3344)/y. Calculate k(n).
-6
Let y(w) = -w**2 + 6*w + 10. Let g(l) be the third derivative of -3*l**4/8 + 26*l**3/3 - 15*l**2. Let x be g(5). Determine y(x).
3
Let o(u) = -159 + u**2 + 296 + 2*u - 150. Calculate o(-9).
50
Let n be 2 - ((-21)/(-105) + 1/(-5)). Let b(t) = -8 + t**3 + 16*t**2 + 11*t**2 - 10*t**2 - 10*t**n + t. Give b(-7).
-15
Let x(b) = 79 - 40 + 3*b + 0*b - 68. Determine x(9).
-2
Suppose 92*i - 19 - 165 = 0. Let d(x) be the third derivative of 0*x - 4*x**i - 3/2*x**3 - 1/2*x**4 + 3/20*x**5 + 0 + 1/120*x**6. Give d(-10).
11
Let s(g) = 17*g + 2. Let l(x) = x**3 - 71*x**2 - 904*x + 166. Let u be l(82). Calculate s(u).
36
Let j(g) = -6740*g + 6738*g - 3 + 4. Let t = -12 - -6. Give j(t).
13
Suppose -2*p + 3*o + 14 = -28, -3*p + 63 = o. Let m be 35 - (14/7)/1. Let s(f) = -f + 2*f + p - m. Determine s(7).
-5
Let b(u) = -4*u - 2. Let i be ((-68)/(-6))/(122/(-183)). Let w(k) = -7*k - 112. Let j be w(i). What is b(j)?
-30
Let s be (2 - (2 - -1))*-23. Let t(g) = 30 + 0*g + g - s. Calculate t(-7).
0
Let t(w) = -3*w**2 - 5*w - 10. Let y(z) = -14*z**2 - 21*z - 39. Let h(j) = 9*t(j) - 2*y(j). Give h(-5).
28
Let g be (-15 - (17 + -19))*2. Let f(n) = n**2 + 27*n - 35. What is f(g)?
-61
Let w(d) be the second derivative of -d**5/20 - d**4/2 + 5*d**3/3 + 11*d**2 + 879*d. Determine w(-7).
1
Let l be (-8)/(-6) - (-2)/(-6). Let u(i) = 8*i**2 + 12*i - 1. Let k(c) = -55*c**2 - 91*c + 8. Let m(q) = -2*k(q) - 15*u(q). What is m(l)?
-9
Let b(y) = 8*y - 60. Suppose 44 = 4*a - 5*r, -a - 19*r + 23*r + 11 = 0. Determine b(a).
28
Let n = 364 + -682. Let o = -313 - n. Let c(m) be the third derivative of -m**6/120 + m**5/15 + 5*m**4/24 + m**3/2 - 2*m**2. What is c(o)?
3
Let r(l) be the first derivative of 2*l**3/3 - 16*l**2 + 45*l - 579. Determine r(15).
15
Let o(s) = s**3 + 58 - 62306*s - 2*s**2 - 66 + 62304*s. Give o(4).
16
Let b(a) = a**2 + a - 5. Let h(k) = 23*k + 87. Suppose -3*v + 26 - 38 = 0. Let m be h(v). Determine b(m).
15
Let c(v) = -v**2 + v. Let f(y) = -y**2 + 9*y - 3. Let q(j) = -2*c(j) + f(j). Suppose 0 = 10*r + r + 66. Determine q(r).
-9
Let t(k) = 4*k + 5. Suppose -5*w = r - 16, 2*r - 2*w + 1 = -3. Suppose -p + r = 3. Give t(p).
-3
Suppose -48 = -11*o - o. Let c be 30/(-4) + 10/o. Let x(p) = 2*p + 3. Give x(c).
-7
Let j(h) be the first derivative of h**5/60 + 11*h**4/24 + 8*h**3/3 + 3*h**2 + 84. Let v(q) be the second derivative of j(q). What is v(-9)?
-2
Let p(t) = 2*t**2 - 1. Let g = 417 - 693. Let u = 273 + g. Determine p(u).
17
Let g(a) = -2*a**2 + 4*a - 7. Suppose -2390*n = -2389*n - 4. Give g(n).
-23
Let a be 1/(80/(-15) + 5). Let w(x) = -7*x - 3. Suppose -2*t = 3*n + 1 + 2, -5 = 5*n - 5*t. Let s(i) = i. Let z(k) = n*w(k) - 6*s(k). Give z(a).
0
Let n(l) = 3*l**2 + 11*l + 11. Let t(s) = 10*s**2 + 34*s + 33. Let a(q) = 7*n(q) - 2*t(q). Let h(b) = 13*b + 57. Let w be h(-5). Calculate a(w).
3
Let l(a) be the third derivative of 6*a**2 + 0*a - 1/24*a**4 - 1/6*a**3 + 1. Calculate l(-8).
7
Let n be (-10 - -633)*(-2)/2. Let r = 618 + n. Let h(o) = -o**3 - 5*o**2 + 2*o. Dete